d.
53
Let d = 3495 - 3384. What is the remainder when d is divided by 108?
3
Suppose -37*k = -19*k. Suppose m + 2*v - 27 = 6*v, 5*m - 4*v - 55 = k. Calculate the remainder when m is divided by 6.
1
Suppose 3*t - 245 = -4*h, 3*t = -4*h + 2*t + 247. Let l = h - 22. Calculate the remainder when 398 is divided by l.
38
Let y = 7 + 687. Suppose b - y = -5*t, 488 = 5*t - 2*b - 194. What is the remainder when t is divided by 27?
3
Calculate the remainder when 108 is divided by (-2 + -4 + 2 - -2)/((-56)/700).
8
Let c(r) = r**3 + 12*r**2 - 17*r. Let w = -128 - -117. Let n be c(w). Let q = -202 + n. Calculate the remainder when q is divided by 18.
16
Let g(f) = f**2 - 99. Let z be g(0). Let u be (-6)/(-2) - (-11)/(z/18). Calculate the remainder when 69/u - (-3 + (10 - 4)) is divided by 18.
12
Let t = -9 - -15. Let x be (-5)/2 - 13/(-2). Suppose x*i - 25 = -s, -3*s + 0*i + 45 = 2*i. Calculate the remainder when s is divided by t.
1
Suppose 0 = 5*h - d - 100, 4*h - 11 = -4*d + 45. Suppose 0 = 8*u + h - 3. Calculate the remainder when 151 is divided by (-931)/(-105) - 3*u/45.
7
Suppose -14 - 391 = -3*k. Let i = -107 + k. Calculate the remainder when 65 is divided by i.
9
Suppose 0 = 11*p - 17*p + 54. Let i(f) = -8*f - 4*f + p + 3 - 2*f. Calculate the remainder when i(-9) is divided by 35.
33
Suppose -11*g - 202 = -1236. Let r = 24 + -5. What is the remainder when g is divided by r?
18
Let g(t) = 89*t**2 + t. Let z be g(3). Suppose z = 24*i - 780. Calculate the remainder when 123 is divided by i.
57
Suppose 2*s = -y - 8, -4 = -y + 6*s - 2*s. Calculate the remainder when 20/(-440)*-11*194 is divided by y/16 - 394/(-8).
48
Suppose -2*z + 2*l + 22 = -2*l, 4*z = -3*l + 11. Suppose -2*o + 121 = -v, 0*o = 5*o - z*v - 295. Let q = 85 - o. What is the remainder when 43 is divided by q?
20
Let s(y) = -26*y + 5267. What is the remainder when s(-30) is divided by 27?
26
Suppose 3015 = 15*a + 1079 - 5579. Calculate the remainder when a is divided by 101.
97
Let t = -136 - -238. Let u(q) = q**2 - 39*q - 2152. Calculate the remainder when t is divided by u(70).
12
Let u = 2961 - 2952. Calculate the remainder when 138 is divided by u.
3
What is the remainder when 327*6/9 - (-2 + 1) is divided by 8?
3
Let q be 56712/476 - 1/7. Suppose c = 4*d + 111, 56*c = 57*c - 2*d - q. What is the remainder when c is divided by 17?
8
Calculate the remainder when (29/(-4))/((0 - 1)/4) is divided by (3 + 20/8)*2.
7
Suppose 5*g + 1376 = 2*t, -5*t = g + 120 - 3614. What is the remainder when t is divided by 54?
50
Suppose -108854 = -10*u - 24504. What is the remainder when u is divided by 37?
36
Let f be 15/1 + 9 + -8 + -4. Suppose -5*d + 45 = o, f*d - 50 = 7*d - 2*o. What is the remainder when 8 is divided by d?
0
Suppose -3*l = -25 + 10. Suppose -6*n = l*n. What is the remainder when 113 is divided by ((-4)/2)/(n + (-6)/69)?
21
Let h = -29 + 43. Suppose 5*d + 24 = 274. Let p = -2 + d. What is the remainder when p is divided by h?
6
Suppose 4*z - 3*m - 141 = 0, -2*m = 2*z + z - 93. Let n = z + 31. What is the remainder when n is divided by 13?
12
Suppose q - 19 = 2*o + 4, 0 = -5*q - o + 93. Suppose -g + 70 = 4*g. Calculate the remainder when q is divided by ((-2)/(-4))/1*g.
5
Let v(c) = -c**3 - 61*c**2 - 178*c - 189. Let n(l) = l**2 - 17*l + 3. What is the remainder when n(-7) is divided by v(-58)?
42
Let q be 6/(11/(55/10)). Let f(a) = 0*a + 3 - a + 3 + 2*a. Calculate the remainder when f(q) is divided by 8.
1
Let j = -23947 + 28212. What is the remainder when j is divided by 17?
15
Suppose -6*o + 11*o + v - 28 = 0, -5*o + 5*v + 40 = 0. Suppose -o = -k - 1, k - 85 = -4*i. Calculate the remainder when 54 is divided by i.
14
Let r = -15834 - -15899. What is the remainder when 821 is divided by r?
41
Suppose -5*c - 4*p = -2*p - 431, 265 = 3*c - 2*p. Let d = 97 - c. What is the remainder when 48 is divided by d?
8
Let h = 9090 - 6203. Calculate the remainder when h is divided by 4.
3
What is the remainder when (-39 - -36 - (-7 - 1))*275 is divided by 12?
7
Let q be (-22)/(-6) + -2 + (-21)/(-9). Let a be ((-6)/18)/(q/(-1044)). Suppose -7*g - 24 = -a. What is the remainder when 14 is divided by g?
5
Let o(c) = -65*c + 395. Calculate the remainder when 86 is divided by o(6).
1
Let p(r) = 90*r + 4733. What is the remainder when 2123 is divided by p(-48)?
58
Suppose -4*i - i + a = -252, 5*a + 87 = 2*i. Calculate the remainder when i is divided by 87042/5429 - (-2)/(-61).
3
Suppose 2*t = 4*n + 1074, -4*t + 4*n - 691 + 2839 = 0. What is the remainder when t is divided by 72?
33
Suppose 350 + 125 = 5*y. What is the remainder when 95 is divided by y?
0
Let r = 338 - 42. Suppose -10*z = -14*z - b + r, -z + 74 = 3*b. Calculate the remainder when z is divided by 17.
6
Let n be (18/16)/(-3) + (-11112)/64. What is the remainder when n/(-15)*10/4 is divided by 27?
2
What is the remainder when 163 is divided by (-4)/3*-18 + 11 + -8?
1
Calculate the remainder when 0 + 7599/45 - 6682/(-50115) is divided by 598/14 - (-4)/14.
40
Let d = -60 + 107. Suppose 11*u + 20*u = 46*u - 330. Calculate the remainder when d is divided by u.
3
Suppose 420 = 11*b - 988. What is the remainder when b is divided by 115?
13
Let l(o) = -o**3 - 5*o**2 + 2*o - 8. Let q(u) = 11*u**2 - 15*u + 23. Let d be q(9). Let y = -751 + d. What is the remainder when y is divided by l(-6)?
12
Let t be (-4 - -5) + (-3)/(-3)*0. Let g be 34*(-1 - 1 - -21). What is the remainder when 128 is divided by t*(-1 - 0) + g/19?
29
Let x be (-283 + 18)/(1/(-1)). Suppose 0 = 5*h + 3*o - 289, -5*h + 2*o + x = -3*o. What is the remainder when h is divided by 10?
6
Suppose b - 30 = -5*v, 3*b = -b + 4*v + 72. Let z(g) = -5*g**2 + 86*g + 3. Let w be z(17). Calculate the remainder when 1461/15 - ((-92)/w + 4) is divided by b.
18
Let x = -16645 + 16658. Calculate the remainder when 3311 is divided by x.
9
Suppose 3*u - 5*l = -15, -7*u + 8*u = -3*l - 5. Calculate the remainder when 87 is divided by (-9)/u*(-2 + (14 - 2)).
15
Let i(h) = 7*h - 3. Let n(f) = f. Let q(b) = -i(b) + 6*n(b). Let t be q(7). What is the remainder when 51 is divided by (-2)/((-12)/(-27))*t?
15
Calculate the remainder when 279 is divided by (-28275)/(-1001) - (-4)/7 - 18/(-99).
18
Suppose -74*i + 78860 = -69*i. What is the remainder when i is divided by 66?
64
Suppose 19335*h - 978 = 19329*h. Calculate the remainder when h is divided by 74.
15
Let j = 17684 - 17153. What is the remainder when j is divided by 131?
7
Suppose -26*z + 3440 = 14*z. What is the remainder when z is divided by 42?
2
Let a(u) be the third derivative of u**4/12 + 22*u**3/3 - 180*u**2. What is the remainder when 286 is divided by a(-4)?
34
Suppose -4*p + 51 = 3*u + 2, 3*p - 4*u - 68 = 0. Let b(j) = 2*j**2 - 15*j - 394. Calculate the remainder when b(-12) is divided by p.
10
What is the remainder when (-157482)/(-234) + (-1 - -4) is divided by 39?
13
Suppose -194*u + 379*u = 196*u - 110. Calculate the remainder when ((-67)/4)/(2/(-8)) is divided by u.
7
Let d = 9393 + -9384. Let w(m) = 24*m**2 - m - 1. What is the remainder when w(-1) is divided by d?
6
Let n be (3 - 2)*0/(-2). Let w be n/((-7)/(21/6)). Suppose w = -2*d + m + 82, -47 = -d - m - 0. What is the remainder when d is divided by 9?
7
Let r(l) = -l**3 - 9*l**2 - 20*l - 69. Calculate the remainder when 218 is divided by r(-8).
2
Let l be 2*-1*-1*(15 + -2). Suppose 2*u + l = 204. Calculate the remainder when u is divided by 10.
9
Let f(v) = 31*v**3 + v - 2. Let q be (-16)/24*(-6)/4. Calculate the remainder when f(q) is divided by ((-26)/(-39))/((-4)/(-36)).
0
Suppose 46 - 43 = 3*o. Let d be o - -71 - (-3 + (-4)/(-2)). Let b = d + -59. Calculate the remainder when 38 is divided by b.
10
Let q = 511 - 277. Let v = q + -105. Calculate the remainder when v is divided by 22.
19
What is the remainder when (-1)/(354834/(-45784) + 8 + (-3)/12) is divided by 69?
65
Let p = -29 + -40. Let t be 5 + (-139 - (-3 + 8)). Let z = p - t. What is the remainder when z is divided by 18?
16
Let o = 55 - 28. Suppose -40 = 23*k - o*k. Suppose -5*t + 15 = -k. Calculate the remainder when 18 is divided by t.
3
Let c(u) = -u**2 + 21*u - 10. Let l be c(22). Calculate the remainder when l + 30 + -2*118/(-4) is divided by 21.
15
Calculate the remainder when 1016 is divided by -1 - 1 - (412/